
False
Let w = 506 + -767. Let k = 463 + w. Is k composite?
True
Suppose -4 = p, -3*p + 7*p + 112 = -3*y. Let h = 3 - y. Is h prime?
False
Let w(l) = 34*l + 4427. Is w(0) composite?
True
Let n(z) be the second derivative of 0 - 5/6*z**4 - 6*z + 5/2*z**3 - 1/2*z**2 + 1/20*z**5. Is n(9) a prime number?
True
Let h = 124716 + -57839. Is h a composite number?
False
Let d(x) = 1069*x + 335. Is d(6) composite?
True
Let o(w) = -w**2 + 13*w + 2. Let k be o(13). Is k + 0 + (-1127)/(-7) a composite number?
False
Suppose 0 = -3*t - 5*s + 7025, -t = 4*s + s - 2325. Suppose -3*c + 0*c = -15, -3*c + t = x. Is x a composite number?
True
Let c(a) = -7*a + 18. Let z be c(-4). Let m = 7 + z. Is m a prime number?
True
Suppose -9*k - 7*k = 384. Let d = 67 - k. Is d prime?
False
Let k be (-14)/(-3) - 4/6. Let h be (-165)/10*k/3. Is (h/(-3))/(4/6) composite?
False
Suppose -5*x - 4*m + 61147 = 0, 81*m = 85*m - 12. Is x prime?
True
Is 2 - (2 - 6) - (-6 + -52483) composite?
True
Suppose -14*j = -9*j - 53255. Is j prime?
True
Let z(x) = 5142*x + 63. Is z(2) a prime number?
False
Suppose -5*j + 264 = -13*j. Let y be (-572)/j*6/(-2). Let n = -19 - y. Is n composite?
True
Suppose l = m + 4*l - 704, -l + 2805 = 4*m. Is m a composite number?
False
Suppose -3*p + 3 + 9 = 0, -4*p + 1588 = k. Let r = k + -889. Is r a prime number?
True
Is ((-2)/(-4))/((-3259000)/(-296272) - 11) composite?
False
Let p be (-2)/(1/(1185/6)). Let h be (3094/(-39))/(1/3). Let q = h - p. Is q a prime number?
True
Let l = -6539 - -10052. Is l a composite number?
True
Suppose -5*c - 2010 = -0*c. Let n be (-1154)/10 - (-8)/20. Let a = n - c. Is a prime?
False
Let x(r) = 129*r**2 + 8*r + 13. Is x(-4) composite?
True
Suppose -9137 = -14*a + 200457. Is a composite?
True
Suppose 77*p - 225357 - 544104 = 0. Is p composite?
True
Let a = 49 + -33. Suppose -5*u + 85 = -4*w, -w - 3*u = u + a. Is (168/w)/(2/(-5)) a composite number?
True
Suppose -37*d + 36*d + 27461 = -4*v, 0 = 4*d + 4*v - 109804. Is d composite?
True
Let h(b) = 15*b**2 + 26*b - 19. Is h(-14) a composite number?
False
Suppose 0 = 12*a - 6*a - 30. Suppose -1969 = -a*j - 374. Is j a composite number?
True
Suppose -3010 = -29*f + 22*f. Suppose -1322 = -4*o - f. Is o a prime number?
True
Let n(d) = 9*d - 58. Let q be n(7). Suppose 5*m - 5*a = 20, -m = -3*m - a + 8. Suppose 0 = q*f + m*b - 51, -5*f + 8*f - 31 = -2*b. Is f prime?
True
Suppose 15*y = 53*y - 104386. Is y prime?
False
Suppose 0 = -5*a + 475 + 40. Suppose -q = -3*b - 2*q + a, 5*b - 4*q = 166. Is b prime?
False
Let s(i) be the first derivative of -i**4/4 - 13*i**3/3 - i**2/2 + 9*i - 38. Suppose -72 = 4*f - 5*d, 0 = -2*f + 2*d + 2*d - 42. Is s(f) prime?
False
Let c(o) be the first derivative of -17*o**2/2 - 5*o + 5. Let i be c(3). Let d = i + 89. Is d a prime number?
False
Let s be 18*((-12)/4)/(-9). Let j(v) = -v**3 + 5*v**2 + 4*v + 2. Let r be j(s). Let a(t) = -t**3 - 6*t**2 + 15*t + 13. Is a(r) prime?
True
Is ((-1 - 3) + 3)*1743/(-7) prime?
False
Suppose -7*k + 8 = -11*k. Is (807/k)/(45/(-210)) composite?
True
Suppose 0 = -10*a - 20*a + 423210. Is a a prime number?
True
Let v(g) = 6*g + 95*g**2 - 86*g**2 + 2 - 3*g. Is v(-7) a prime number?
False
Let m be (0 - 4)/(-1 + 0). Suppose -q = 2*c + 2*q + 5, m*q + 4 = -4*c. Suppose -5*z + c*z + 327 = 0. Is z a prime number?
True
Let j be ((-113)/(-5))/(21/105). Let i = j + -44. Is i a prime number?
False
Suppose 5*x + 6*x = 68706. Let l = 8815 - x. Is l composite?
True
Let z(o) = 65*o + 12759. Is z(0) a prime number?
False
Let n(l) = -5*l**3 + 14*l**2 + 4*l + 74. Is n(-16) a prime number?
False
Let j = -711 - -1780. Is j a composite number?
False
Suppose 0 = 2*j + 4*d - 3392, -j + 0*d = 3*d - 1699. Suppose -j = -4*l - 694. Is l prime?
False
Let z(r) = -r**3 + 7*r**2 - 10*r + 1. Let l be z(5). Is (10/(-16)*-194)/(l/4) a prime number?
False
Suppose 0 = -5*f - 0*f + 45. Let x be 3/f + (-23)/(-3). Let k(m) = 38*m - 5. Is k(x) a prime number?
False
Let h(p) be the second derivative of 13*p**4/12 + 5*p**3/3 + 2*p. Is h(-3) a composite number?
True
Let i(m) = 2*m**2 + 3*m + 5*m - 5 - 3*m**2. Let r be i(7). Suppose 2*y - 498 = 4*a, 3*y = 2*y - r*a + 253. Is y a prime number?
True
Let m = 1100 - 1920. Is 3 + -3 + m/(-4) composite?
True
Suppose 3*s + 1376 = 3*i + 350, -3*i = s - 1038. Is ((-2)/5)/((-3)/i) composite?
True
Suppose -1170 = -4*z + 990. Let y = z - 377. Is y a composite number?
False
Let w(o) be the second derivative of 7*o**6/120 - o**5/60 - o**4/8 - o**3/2 - 10*o. Let h(i) be the second derivative of w(i). Is h(-2) composite?
True
Suppose 3*b = -3*w + 23454, -12*w + 13*w + 23450 = 3*b. Is b composite?
False
Suppose s - 1 = -2*y, -2*s + y + 2*y = -9. Suppose 4*g - 7683 = -0*g + s*v, 4*g + v - 7695 = 0. Is g composite?
True
Suppose 4*z = 10 - 2. Is 263/2*(z + -8)*-1 a composite number?
True
Let g be 4 + (-30396)/(-4) + 2. Suppose 7*v - g = 3756. Is v composite?
True
Suppose 3*y + 6 = 2*y. Let s(d) = -d**2 - 10*d + 1. Is s(y) a composite number?
True
Let q be 20/8*4/5. Suppose -3*w + 3765 = -q*j - 1720, -2*j - 1835 = -w. Suppose 5*c + 0*c = w. Is c prime?
False
Let g = 19648 + -13533. Suppose 0 = -h + g - 242. Is h a prime number?
False
Let c(j) = -j**3 - 3*j**2 + 2*j - 4. Let o be c(-4). Suppose 3*z - o*v = -v + 1914, -5*v - 20 = 0. Suppose 8*q - z = 6*q. Is q composite?
False
Let n(y) = 943*y**3 - 4*y**2 + 2*y - 4. Let s be n(3). Suppose 4*k - s = -5*b, b + k = 2*b - 5089. Is b prime?
True
Suppose -14 = -2*x + 5*d, d = -x + 2*d + 4. Suppose z - 634 = 5*j, 3*j - 3300 = -5*z + x*j. Is z prime?
True
Suppose -4*y + 3*y + 2 = 0. Let k(g) = 30*g - 3. Let j be k(y). Suppose 3*h - j = 21. Is h a composite number?
True
Suppose 4*n - 5*n - 2*j + 9011 = 0, -4 = -2*j. Is n prime?
True
Suppose y - 3*x = 2*y - 30027, 3*x + 120078 = 4*y. Is y prime?
False
Let p = 24054 + -16811. Is p composite?
False
Let c be (2 - 2) + 0 + 2. Let w be (1*10)/(c - 1). Let f = w - -9. Is f prime?
True
Let j(x) be the first derivative of 142*x**3/3 - 4*x**2 + 5*x + 35. Is j(-6) a prime number?
False
Let b be 68/5 - (-1)/5*2. Suppose 8*h = b*h - 3798. Is h composite?
True
Let r(d) = -3*d**3 + 2*d**2 + 10*d - 2. Let y be 1/6*(1 - -1)*-15. Is r(y) a composite number?
False
Suppose 5*a + 51 = 2*c - 5*c, -4*c - 2*a = 54. Let y = c - -14. Is 7/(-14) + 21/y a composite number?
True
Let t(y) = -1724*y - 629. Is t(-54) prime?
True
Suppose -3*n + 12 = 3*q, n - 7 = -4*q + 9. Suppose 0 = -n*h + 2*h + 18. Is h/(9/(-2)) - -95 a composite number?
False
Suppose -5*a + 10 + 10 = 0. Suppose a*t = -4*t + 920. Is t a prime number?
False
Let w = 1909 + -783. Suppose 7*l + w = 9*l. Is l a composite number?
False
Let u = 1882 - 809. Is u a composite number?
True
Suppose -4*f + 3*r + 8872 = 0, 1811 + 418 = f + 2*r. Is f composite?
False
Let k = -12103 - -23966. Is k a prime number?
True
Let l(w) = 4*w + 3*w + 3 - 5*w - 4*w. Let v be l(2). Let n(i) = 192*i**2 - 1. Is n(v) a composite number?
False
Let t(i) be the second derivative of -7/2*i**2 + 0 + 11/6*i**3 + 1/12*i**4 - 2*i. Is t(8) composite?
True
Suppose -3*k + 4573 = 4*n - 2*k, 0 = -n + 5*k + 1138. Is (5/(15/n))/1 a composite number?
True
Let a(v) = v**3 - 7*v**2 - 9*v - 5. Let j be a(8). Let t = 3 + j. Let w(l) = -l**3 - 6*l**2 + 7*l + 9. Is w(t) a composite number?
True
Suppose 4*q = 3*y + 15, -4*q + 17 = q - 2*y. Suppose 0 = 2*s + h + h - 918, q*s - 1357 = h. Is s a prime number?
False
Suppose 0 = -10*s + 43 - 363. Is (-7)/(-2) + 16/s prime?
True
Let y be (-9)/(-3) - (-1 + -1). Suppose -437 = 5*t - 2237. Suppose 2*i + t = 4*x, -y*i + 0*i = -x + 81. Is x prime?
False
Is ((-15237)/(-27))/((-1)/(-3)) a composite number?
False
Let u be 2686/(-7) + (-38)/133. Let z = u - -2627. Is z a prime number?
True
Suppose -3*n + 0*f + 2*f + 1 = 0, -3*n - 4*f + 7 = 0. Is n/(-2)*(8 - 510) composite?
False
Let l = -401 + 736. Is l a prime number?
False
Let l(y) = 330*y - 11. Is l(14) composite?
True
Suppose 0 = 3*o - b - 0*b - 2640, -o - 4*b = -867. Is o composite?
True
Let g(a) = -a**2 - 8*a - 6. Let z be g(-7). Let j(n) = 2883*n**3 + n**2 - 1. Let b be j(z). Suppose 3*f - 3*p = b, -4*f - p = 4*p - 3826. Is f prime?
False
Let n(j) = -20*j - 3. Let s be n(-2). Let t = -21 + s. Let p = t + 53. Is p a composite number?
True
Let w(u) = -27*u - 10. Let y be w(-2